late the highest common divisor of m and 154.
14
Let w(a) = 8*a + 39. Let x be w(3). Let i be 6 + 0 - -1*1. What is the highest common divisor of i and x?
7
Suppose 107*w = 113*w - 72. Suppose -8*b - 36 = -w*b. Calculate the highest common factor of 27 and b.
9
Let y = 424 - -134. Calculate the greatest common divisor of 27 and y.
9
Let i(x) = 7*x**2 + 3*x - 4. Let g be i(-4). Let q be -1 + 10/7 + 17 + 13290/105. What is the greatest common factor of q and g?
48
Let i be (-27)/6*44/(-3). Suppose -i - 14 = -4*d. Let g be (-5 - -2)*150/(-9). Calculate the highest common factor of d and g.
10
Let x(l) = l**3 + 12*l**2 - 5*l - 25. Let a be x(-7). What is the greatest common divisor of a and 15?
15
Suppose 0 = 8*i - 4*i - 16. Let m = 33 + -23. What is the highest common factor of m and i?
2
Suppose 2 = -2*v, -c - 3*v + 7*v - 14 = 0. Let j be 932/c - (-2)/(-9). Let r = 84 - j. Calculate the highest common divisor of 34 and r.
34
Let a be (4 - 55/10)*-8. Let w(z) = z**3 + z**2 + z - 18. Let q be w(0). Let h be (-6)/(-27) - 1508/q. Calculate the highest common factor of h and a.
12
Suppose 0 = -3*l + 9, -9*f + 7*f - 3*l + 29 = 0. Let h be (-4)/10*15/(-3). What is the highest common divisor of h and f?
2
Let q(w) = -w**3 + 6*w**2 - 9*w + 9. Let p be q(5). Let x(h) = h**3 + 11*h**2 + 6. Let v be x(p). Calculate the greatest common factor of 3 and v.
3
Suppose -456 = -a - 4*g, -3*a - 4*g + 2216 = 2*a. What is the highest common divisor of a and 5?
5
Suppose -3*a = 5 - 215. Suppose -r + 3 = 3*u - 4*r, -4*r = -3*u. Suppose u*b + 30 = 7*b. Calculate the greatest common factor of a and b.
10
Let u(d) = 13*d**3 + 3*d + 2. Let r be u(-1). Let p be ((-21)/r)/(3/74). Calculate the highest common factor of 185 and p.
37
Let q = 124 - 120. Suppose 5*c - 80 = 5*b - 590, -5*b - q*c = -546. Calculate the greatest common factor of b and 159.
53
Suppose t = -q + 5*t - 8, q - 37 = -5*t. Let a be (4 + 2)/(1*2). What is the greatest common divisor of q and a?
3
Let m(w) = w + 10. Let h be m(7). Suppose 73 + h = 2*n. Suppose 0 = 11*b - 51 - 48. What is the greatest common factor of n and b?
9
Let h(j) = -2*j**3 - 4*j**2 + 5*j + 5. Let y be h(-4). Suppose 0 = 13*u - 12*u - 5*d - 31, -u = d - y. What is the greatest common divisor of u and 2?
2
Let i = -3 - -5. Suppose t - 2*r + 27 = 18, -4*t - r + 9 = 0. Calculate the highest common factor of t and i.
1
Let i be (66/(-14) - -3)*1015/(-2). Calculate the highest common divisor of i and 261.
87
Let x be 2/4*-1*-378. Let o be -8*(-16)/8 + 5. Calculate the highest common divisor of o and x.
21
Let r be (-7)/((-7)/4)*4. Let x be 3/4 - 124/r. Let p be 48*1/((-3)/x). Calculate the highest common divisor of p and 16.
16
Let g = 30 - 66. Let k be g/(-252) + (-209)/(-7). What is the greatest common factor of k and 20?
10
Suppose w + 4*m = 11, 5*m = w - 4 - 7. What is the highest common factor of w and 2?
1
Let t(x) = -x**3 + 8*x**2 + 7. Let k be (2/(-3))/((-5)/60). Let j be t(k). Suppose 0 = 122*b - 131*b + 9. What is the greatest common divisor of b and j?
1
Suppose -2668*n - 3456 = -2676*n. Calculate the greatest common factor of 270 and n.
54
Let n(j) = 10*j - 49. Let v be n(21). Calculate the greatest common factor of v and 7.
7
Suppose -48 = 4*k - 2*g, 0 = 4*k + k - 5*g + 50. Let h be 1*k/4*-2. Let m be 28*(4 - 22/8). What is the greatest common divisor of h and m?
7
Let a(w) = -w**3 - 10*w**2 + 24*w + 28. Let n be a(-12). What is the greatest common factor of 21 and n?
7
Let u(k) = 2*k + 17. Let s be u(-12). Let d be 2/s + (-9480)/(-56). Calculate the highest common divisor of d and 13.
13
Let y(p) = -24*p - 738. Let w be y(-33). Calculate the greatest common factor of w and 333.
9
Let x be 0 + (-2)/(-11) + 1281700/1925. What is the highest common factor of 36 and x?
18
Let m(r) = 4*r**2 - 37*r - 35. Let v be m(21). What is the greatest common factor of v and 56?
56
Suppose g + 11 - 44 = 0. Suppose 0 = n - 3*x - 9, 10*x + 22 = 4*n + 5*x. What is the highest common factor of n and g?
3
Suppose 2912 = 12*t - 5*t. Calculate the highest common factor of 13 and t.
13
Suppose 20 = -2*g - 2*o, 0 = 5*g - 5*o + 11 + 19. Let n = 7 + g. Let d be n/2 + 1605/10. Calculate the greatest common factor of d and 20.
20
Suppose -15*b = -8*b - 168. Calculate the greatest common divisor of 10 and b.
2
Let c(n) = -2*n - 15. Let q be c(-10). Suppose y - 23 = -y + q*z, 0 = -5*y + 4*z + 32. Let k = 21 - 13. What is the highest common divisor of k and y?
4
Let l(v) = -9*v - 1. Let z be (-2)/(-4) - 22/4. Let j be l(z). Suppose -22 = -g + r, 0*g + 3*r + 44 = 2*g. What is the highest common divisor of j and g?
22
Let h(y) = 7 - 4 + 0*y**2 + 4*y + y**2. Let g be h(-4). Let r = -9 - -12. Calculate the highest common factor of g and r.
3
Suppose 4*i - 73 = -3*f, 0 = -4*f + 4*i - i + 114. Suppose 0 = -4*s + 3*o + 207, -17*s + 168 = -14*s + 2*o. Calculate the greatest common factor of f and s.
27
Let f(i) = -13*i**2 - 2. Let z(v) = -13*v**2 - 1. Let m(p) = 6*f(p) - 7*z(p). Let b be m(2). Calculate the highest common divisor of b and 423.
47
Let v be (12/4*12)/((-6)/(-9)). What is the highest common factor of v and 81?
27
Suppose -32*p = -31*p - 21*p + 380. Let x be 2/(-5) + (-762)/(-5). What is the greatest common divisor of x and p?
19
Let n be (33/22)/(-2 - 38/(-16)). Calculate the highest common factor of 7 and n.
1
Suppose 492 = -14*d + 576. Let i be (1 + 5)*(-1 + 2). Calculate the greatest common divisor of i and d.
6
Suppose -1 = -k + 3. Suppose w - k*w = -6. Suppose -2*x - w*x + 2*l = -548, -3*x = -4*l - 421. What is the highest common factor of x and 15?
15
Let i be (1 - -23) + (-15 - -7)/(-8). Let k(y) = 5*y**2 - 4*y + 2. Let f be k(-7). Calculate the greatest common factor of f and i.
25
Let t(j) = -j**2 + 17*j - 63. Let k be t(8). Calculate the greatest common divisor of k and 369.
9
Let s(x) = -x**2 + x + 23. Let f be s(-4). Suppose 5*b - 5*m = 120, -f*b - b + m = -93. What is the greatest common factor of 23 and b?
23
Let j be ((-3)/(-4))/(14/112). Suppose n = -y + 9, n + n - y - j = 0. What is the highest common divisor of 5 and n?
5
Suppose c - 9 = -4*z, 3*c - 32 = 5*z + 12. Let l = -2 + 2. Let u be (-156)/9*(l + -3). What is the highest common factor of c and u?
13
Suppose 0 = 45*k - 2338 - 1037. Let h(s) = 2*s**2 - s + 4. Let z be h(-3). Calculate the greatest common factor of z and k.
25
Let y(f) = 2*f**3 + 36*f**2 + 25. Let b be y(-18). Let w be (0 - -2)*14/4. Let a = w - 2. Calculate the highest common divisor of a and b.
5
Let g be 4 - 4948/(-8) - (-3)/2. Calculate the greatest common divisor of 2 and g.
2
Let z(c) = c**3 - 6*c**2 + 26*c - 45. Let j be z(6). What is the highest common factor of j and 481?
37
Let x(n) = 40*n - 1. Let s = 5 - -5. Suppose -4*j + s - 6 = 0. Let r be x(j). Calculate the highest common divisor of 13 and r.
13
Let r be -3 - (-4 + 2 + -1). Suppose 8*k - 267 - 349 = r. What is the greatest common divisor of 7 and k?
7
Let o(q) = q**3 - 3*q**2 + 2. Let b be o(3). Suppose -b*n - n = -36. Calculate the greatest common factor of n and 60.
12
Let l be ((-1078)/(-7))/7*17. Calculate the highest common factor of 22 and l.
22
Let i be (-11)/(66/4) + 71/3. Calculate the greatest common factor of 736 and i.
23
Let a(v) = 349*v**2 + 5*v - 3. Let n be a(1). What is the highest common factor of n and 65?
13
Let f = 12 + -10. Suppose -2 = -2*p + f*w + 3*w, 5*p - 71 = -4*w. Calculate the greatest common factor of p and 44.
11
Let j be -7*1/((-1)/9). What is the highest common factor of 35 and j?
7
Suppose -13*t - 3241 = -9728. Suppose -11*j + 2966 = -t. Calculate the highest common factor of j and 45.
45
Let j(z) = z**3 + 8*z**2 - 11*z + 6. Let x be j(-9). Suppose 73 = 4*p + 5*a, -5*a = 2*p - 5 - 44. What is the highest common divisor of x and p?
12
Let r = 171 - 162. Suppose 11 = -r*y + 29. Calculate the greatest common factor of 6 and y.
2
Suppose -5*v = -6*v + 5. Suppose v*y + 6 = 21. What is the highest common factor of y and 3?
3
Suppose 24*r + 3*r = 324. Calculate the highest common factor of r and 138.
6
Suppose -19 - 137 = -39*n. Calculate the greatest common factor of 212 and n.
4
Let y be (6 + -7 + 3)*-6 - -2. Let g = 0 - y. Calculate the greatest common divisor of 5 and g.
5
Suppose -2*h - 2*y + 115 = -y, 3*h = 3*y 